(-1).
-462
Let n(s) = -2*s**3 - 9*s**2 + 634*s - 329. Give n(-21).
910
Let d(g) = -4668*g + 3085566. Give d(661).
18
Let n(g) = -5*g**3 - 1764*g**2 + 198*g - 54714. Determine n(-353).
1
Let v(d) = -d**3 + 7*d**2 + 389*d - 2400. What is v(6)?
-30
Let c(f) = -128*f**2 - 1381*f - 11. Give c(-13).
-3690
Let v(g) = 2*g**3 + 308*g**2 + 1770*g - 899. Calculate v(-148).
-11
Let b(k) = -k**2 + 61*k + 114. Calculate b(29).
1042
Let r(p) = 46*p - 5757. Calculate r(115).
-467
Let j(z) = -z**3 + 15*z**2 + 3060*z + 69. Give j(63).
2337
Let z(h) = 953772*h + 5722631. Give z(-6).
-1
Let s(u) = -34*u**2 + 29998*u + 21190. Determine s(883).
-2
Let q(r) = -2*r**2 + 6606*r - 739368. Calculate q(116).
16
Let z(a) = -121657*a - 12287347. Give z(-101).
10
Let m(t) = 19905*t - 338383. What is m(17)?
2
Let b(i) = -3001*i + 6339. Give b(2).
337
Let z(j) = -j**3 - 60*j**2 - 61*j + 2267. Determine z(-59).
2385
Let s(g) = g**3 - 37*g**2 - 582*g - 1938. Give s(-6).
6
Let j(i) = -17548*i**2 + 52635*i + 6. Calculate j(3).
-21
Let g(l) = 377399*l + 3019194. Give g(-8).
2
Let f(d) = 164*d + 1032. Calculate f(-12).
-936
Let s(k) = -k**3 + 6*k**2 - 155*k + 722. Determine s(5).
-28
Let h(m) = 5*m**3 - 45*m**2 - 12638*m - 662. Determine h(55).
-2
Let x(m) = -10*m**2 + 41*m + 65. Calculate x(-7).
-712
Let b(p) = 29*p**3 + 2003*p**2 + 130*p - 541. Determine b(-69).
11
Let k(g) = -93*g**2 + 1131*g + 1016. What is k(13)?
2
Let f(o) = -3*o**3 + 491*o**2 - 331*o - 470. Calculate f(163).
-1285
Let q(j) = -5*j**3 - 7*j**2 - 66*j - 425. Calculate q(-7).
1409
Let a(u) = -39*u**2 + 373*u + 305. Determine a(9).
503
Let o(j) = 12961*j - 64717. Calculate o(5).
88
Let b(o) = -o**3 + 15*o**2 + 321*o - 639. Determine b(26).
271
Let j(x) = 1149*x + 10439. Calculate j(-9).
98
Let g(z) = -21*z**2 - 2475*z + 2827. Determine g(-119).
-29
Let k(t) = -666*t - 51253. Give k(-77).
29
Let h(w) = 137*w - 16725. Calculate h(105).
-2340
Let h(b) = 3*b**3 + 317*b**2 - 421*b - 99. Calculate h(-107).
-848
Let u(p) = p**2 - 753*p - 624749. What is u(-499)?
-1
Let v(o) = -2*o**2 - 2*o + 614. What is v(29)?
-1126
Let w(i) = -i**2 - 103*i + 6635. What is w(45)?
-25
Let s(r) = 5*r**2 + 2798*r + 24837. Give s(-9).
60
Let f(a) = -10*a**2 + 182*a - 169. Calculate f(0).
-169
Let u(x) = -21*x**2 + 35*x + 116. What is u(-3)?
-178
Let a(d) = 2*d**3 + 187*d**2 - 102*d + 1311. What is a(-94)?
2063
Let f(u) = -u**2 - 3122*u - 83572. Determine f(-27).
-7
Let f(k) = 3354*k + 703892. Determine f(-210).
-448
Let u(v) = v**3 + 19*v**2 + 62*v - 208. Calculate u(-9).
44
Let v(s) = -30*s**2 - 3359*s + 78. What is v(-112)?
-34
Let p(j) = 1883*j**2 - 529124*j + 285. What is p(281)?
4
Let x(y) = 6*y**2 + 1783*y + 86435. What is x(-61)?
-2
Let f(q) = 4*q**3 + 32*q**2 - 234*q - 1848. Give f(-7).
-14
Let m(p) = 13*p**2 - 776*p - 2578. Calculate m(64).
1006
Let j(c) = -3*c**2 + 590*c - 11030. Determine j(176).
-118
Let k(g) = -5*g**2 - 846*g + 11551. Determine k(-182).
-97
Let p(m) = m**2 - 307*m + 4937. What is p(17)?
7
Let x(s) = s**2 + 1379*s + 10999. What is x(-8)?
31
Let s(u) = -3*u**3 + 314*u**2 - 6454*u - 6238. Give s(76).
-6
Let r(h) = -121*h**2 + 753*h + 672. Determine r(7).
14
Let t(p) = -869*p + 40850. Determine t(47).
7
Let y(q) = 10*q**2 - 192*q - 2141. Give y(-10).
779
Let n(j) = 90*j**2 - 31*j - 139. What is n(-3)?
764
Let t(j) = -422*j + 51478. Calculate t(120).
838
Let s(a) = a**2 - 198*a + 2513. Calculate s(12).
281
Let l(h) = -3552*h - 25149. What is l(-9)?
6819
Let o(a) = -708518*a - 4959635. Determine o(-7).
-9
Let f(y) = -173*y - 1120. Give f(-5).
-255
Let b(q) = -q**3 + 7*q**2 + 110*q - 14. Calculate b(-8).
66
Let j(g) = -g**2 + 51089*g - 306472. Determine j(6).
26
Let t(y) = 321*y + 957. Calculate t(-9).
-1932
Let w(j) = 43*j**3 - 7*j**2 + 44*j + 101. What is w(-2)?
-359
Let h(z) = -102*z**2 - 2*z - 112. Determine h(-5).
-2652
Let b(j) = -267*j - 8220. Calculate b(-16).
-3948
Let p(y) = -2*y**3 + 192*y**2 - 197*y + 621. Determine p(95).
-44
Let q(n) = 168*n + 125994. Calculate q(-750).
-6
Let s(r) = -1575444*r + 4726330. Give s(3).
-2
Let r(a) = -5959*a + 6510. Determine r(1).
551
Let j(n) = -523*n + 102136. Give j(196).
-372
Let o(s) = -28*s**2 + 980*s + 30. What is o(35)?
30
Let o(p) = 55*p**3 - 12652*p**2 + 461*p + 184. What is o(230)?
414
Let a(u) = 378*u - 6723. What is a(18)?
81
Let k(g) = g**3 - 410*g**2 - 46188*g + 1700. Determine k(502).
-308
Let q(h) = -479*h**3 + 176752*h**2 - 367*h - 755. Calculate q(369).
-17
Let o(m) = 4401*m + 53144. What is o(-12)?
332
Let j(d) = d**2 + 6084*d - 1419558. Calculate j(225).
-33
Let w(u) = 61*u**2 - 266*u - 1354. Determine w(-5).
1501
Let y(f) = -40*f**3 - 33*f**2 + 100*f + 105. What is y(-1)?
12
Let s(l) = 15*l**3 + 71*l**2 + 45*l - 28. Give s(-1).
-17
Let v(b) = 8*b**2 + 93*b + 65. What is v(-16)?
625
Let a(t) = -4*t**3 - 12*t**2 - 21*t - 139. What is a(-4)?
9
Let n(p) = -30*p**2 + 1248*p - 25. Determine n(42).
-529
Let b(k) = 1034*k + 2052. Give b(-2).
-16
Let v(t) = t**3 + t**2 - 483*t + 3860. What is v(15)?
215
Let y(l) = -2*l**2 - 1285*l + 11749. Calculate y(9).
22
Let b(r) = r**2 + 18110*r + 108615. What is b(-6)?
-9
Let p(t) = -439*t + 8703. Give p(18).
801
Let p(b) = 199*b**2 - 16331*b + 1054. Give p(82).
-12
Let d(n) = -3*n**3 + 1487*n**2 - 11711*n + 33. Determine d(8).
-23
Let n(b) = 12*b**2 - 301*b - 6325. Calculate n(-14).
241
Let a(r) = -2*r**2 + 40*r + 2658. Determine a(51).
-504
Let b(g) = 969*g + 7862. Determine b(-8).
110
Let m(l) = -3*l**3 - 60*l**2 - 374*l + 15. Give m(-6).
747
Let b(m) = 8222*m - 1874613. Determine b(228).
3
Let l(h) = -95100*h + 380370. Calculate l(4).
-30
Let z(y) = 2*y**2 + 900*y + 50384. What is z(-384)?
-304
Let n(a) = -a**2 - 610*a - 31185. What is n(-59)?
1324
Let z(y) = -y**3 + 22*y**2 - 38*y - 148. What is z(4)?
-12
Let l(n) = -64*n - 1579. Calculate l(-22).
-171
Let f(q) = 9*q**2 + 40928*q - 81862. What is f(2)?
30
Let z(n) = -n**2 - 11769*n + 153175. Determine z(13).
9
Let x(n) = -40561*n + 6246389. What is x(154)?
-5
Let y(s) = -2*s**3 - 46*s**2 + 153*s + 1259. Give y(-25).
-66
Let o(u) = u**3 - 20*u**2 + 55*u + 31. Give o(10).
-419
Let o(l) = -l**3 + 18*l**2 + 232*l - 80. Calculate o(-9).
19
Let l(c) = 2*c**2 - 27655*c + 51593603. Give l(2223).
-4
Let a(b) = 36210*b - 181090. Determine a(5).
-40
Let j(k) = -k**3 + 36*k**2 - 77*k - 31. Calculate j(35).
-1501
Let l(k) = 38*k**2 + 398*k + 19. Calculate l(-10).
-161
Let j(o) = 2*o**2 + 321*o - 11407. Give j(30).
23
Let n(u) = -11*u**3 + 41099*u**2 + 123277*u + 3. Determine n(-3).
360
Let t(w) = 29252*w + 87751. Calculate t(-3).
-5
Let l(h) = 43562*h + 697069. Calculate l(-16).
77
Let g(c) = 2*c**2 - 22229*c + 665082. Determine g(30).
12
Let y(m) = m**3 + 94*m**2 + 778*m + 73103. What is y(-94)?
-29
Let v(d) = 102*d**2 + 689*d + 1210. Give v(-3).
61
Let h(v) = 3164*v - 2562890. Give h(810).
-50
Let h(b) = 12*b**2 + 50476*b - 353340. Calculate h(7).
580
Let k(w) = -32*w**2 - 3016*w + 5386. What is k(-96)?
10
Let x(b) = -2*b**2 - 5144*b + 479118. Give x(90).
-42
Let g(k) = -13*k**3 + 273*k**2 - 5*k - 66. What is g(21)?
-171
Let d(t) = -t**3 + 75*t**2 - 1376*t - 1121. What is d(34)?
-509
Let r(o) = 13*o**2 - 1366*o + 12450. What is r(95)?
5
Let b(j) = j**2 + 1240886*j + 12408766. What is b(-10)?
6
Let m(o) = -75*o**2 + 1275*o - 4959. What is m(6)?
-9
Let p(j) = -j**3 + 5*j**2 + 51*j + 129. Determine p(-5).
124
Let y(t) = 26*t**2 - 2064*t + 10406. Give y(74).
46
Let t(j) = 8754*j - 306404. Give t(35).
-14
Let y(f) = 27*f + 1366. Give y(-42).
232
Let a(f) = f**3 + 204*f**2 - 1518*f - 8563. Give a(-211).
88
Let f(d) = 7637*d + 534610. Calculate f(-70).
20
Let b(f) = -3*f**3 - 128*f**2 - 59*f + 796. Calculate b(-42).
-254
Let j(k) = -3*k**2 - 260*k + 409. Give j(-85).
834
Let c(k) = k**2 - 104*k - 2472. What is c(120)?
-552
Let h(m) = 9214*m + 73717. What is h(-8)?
5
Let s(m) = 240*m + 1249. Give s(-3).
529
Let m(o) = 3*o**3 - 5*o**2 + 10*o + 203. Give m(-7).
-1141
Let g(v) = 6*v**3 - 19*v**2 + 102*v - 476. Determine g(4).
12
Let b(y) = -y**2 - 36*y + 7709. What is b(-108)?
-67
Let d(r) = 575*r**2 - 60375*r + 9. Determine d(105).
9
Let v(d) = 20474*d + 2538778. Give v(-124).
2
Let k(s) = -s**2 + 59*s + 3175. What is k(87)?
739
Let i(j) = -1258*j + 8815. What is i(7)?
9
Let k(f) =